/(-24) + 9/12?
8
Let x(z) = z**2 - 4*z + 5. Let o be x(4). Suppose 3*y + b = 2*y + 11, y - b = o. What is the units digit of y?
8
Let m be 1/(-1) - (-9)/3. Suppose 0*i = m*i - 36. Suppose 2*u - 2 = i. What is the tens digit of u?
1
Let y(s) = -s**3 + 9*s**2 - s + 11. Let z(c) = 4*c + 1. Let b be z(2). What is the units digit of y(b)?
2
Let g = -58 + 88. What is the tens digit of g?
3
Suppose -20 = -5*q, 8 = 3*f + q - 17. Let x be (-3)/(-21) - (-244)/f. Suppose 4*r - 58 = 2*s, -43 = -4*r - 2*s + x. What is the tens digit of r?
1
Suppose 3*v - 30 = -2*v. Let c = 11 - v. Let x = 8 - c. What is the units digit of x?
3
Let q(p) = -p**2 - 4. Let t be q(-7). Let z = -84 - t. What is the units digit of z/(-4) - (-2)/8?
8
Let s be (1 + (-7)/5)*-10. Suppose -4*i + 78 = 5*d - 3*i, -24 = -d + s*i. What is the units digit of d?
6
Suppose -x - 32 = -5*x. What is the units digit of x?
8
Let o(h) = 1 + 1 - 2 - h + 1. Let c be o(-1). What is the units digit of (-25 - 1)*c/(-4)?
3
Let f(k) = 7*k - 9. What is the units digit of f(2)?
5
Suppose -2*f = -4*m - 22, 7*m + 20 = f + 2*m. Suppose 4*r - 4 = -4*t, 4*t = t - f*r + 3. What is the units digit of t?
1
Let g = 4 + -4. Suppose g = 3*a - 4*a + 3. Suppose 4*m - 4*v - 48 = 0, -7 = -m + a*v + 11. What is the units digit of m?
9
Suppose -3*s = -4*h + 7 + 57, -2*h + 46 = 2*s. What is the tens digit of h?
1
Suppose -8 = -5*j + 3*j, 3*q = j + 8. Let m(w) = w + 2. Let s be m(3). Suppose 2*z = -s*x + 9, -54 = -q*z + x + x. What is the units digit of z?
2
Suppose -d - 3 = -13. Suppose -d = -5*b + 5. Suppose 0 = p - 2*r - b*r + 3, -4*p + 5 = -3*r. What is the units digit of p?
2
Let r(s) = -3*s + 1. What is the tens digit of r(-5)?
1
Suppose -b + 16 = 3*b. Let u(p) = 10*p - 5. Let r be u(b). Suppose -1 = -4*q + r. What is the units digit of q?
9
Suppose 28 = 2*j + 4. What is the units digit of (-3)/j + (-425)/(-20)?
1
Suppose -3*q = -3 - 9. Suppose a - 3*m = -7*m - 2, -q*m = -a - 2. What is the units digit of a + 18/2 - 0?
7
Suppose -81 = -3*d - k, 6*k - 142 = -5*d + 2*k. What is the tens digit of d?
2
Suppose -2*l = -3*g + 14, 2*g - 4*l = -3*g + 26. What is the units digit of -6*(0 - 3/g)?
9
Let i(v) = 9*v**2 - 2*v - 1. Let u be i(-1). Suppose 4*w - u = 6. What is the units digit of w?
4
Suppose 2 = f - 1. What is the units digit of -6*(2/f - 1)?
2
Let r(n) = -n - 3. Let f(o) = o + 4. Let i(d) = 4*f(d) + 5*r(d). Let g be i(1). Suppose -8 = -2*x - g*x. What is the units digit of x?
4
Let z = -1 - -3. Suppose -5*o = -z*a + 93, 0 = 5*o - 4*a + a + 92. Let h = -11 - o. What is the units digit of h?
8
Suppose -5*w + 18 + 12 = 0. What is the units digit of w?
6
Let y(k) be the second derivative of k**3/6 + k**2/2 + 3*k. What is the units digit of y(5)?
6
Let x = -16 + 26. Let k be ((-18)/x)/((-7)/35). Suppose -y + 7 = -2*i + 26, i - y = k. What is the tens digit of i?
1
Let t be (-8)/6*(-3)/2. Let d be ((-2)/(-3))/(t/(-18)). Let s = -3 - d. What is the units digit of s?
3
Suppose 2*x + x - 20 = -2*o, -28 = -5*o - 2*x. What is the units digit of ((-33)/o)/(8/(-32))?
3
Suppose -4*i + 4*v = -932, 3*v = -2*i + i + 221. What is the tens digit of i?
3
Let w(c) be the first derivative of -c**3/3 + 9*c**2 - c - 8. What is the units digit of w(14)?
5
Let h(p) = -14*p + 7. Let f(z) = -z + 1. Let v(w) = 6*f(w) - h(w). What is the units digit of v(1)?
7
Let j = 1 + -1. What is the tens digit of 0 + -3 - (-45 + j)?
4
Suppose i = 4*i. Suppose i = 4*x - 2*x - 68. What is the units digit of x?
4
Let t = 9 + -4. Suppose -4*u = 5*v - 9*u + t, -u + 1 = -3*v. Suppose -q - 5*y = -3*q + 10, y - 2 = v. What is the units digit of q?
0
Suppose 4*u = z - 20, 5*u = -2*z - 2*z - 4. Let t(b) = 5*b**2 + 81*b + 1 + 2*b**3 + 2*b**3 - 5*b**3 - 83*b. What is the units digit of t(z)?
9
Let g(v) = -6*v + 29. What is the tens digit of g(-20)?
4
Suppose -7 = 3*h - 19. Suppose -h*i + 4*f = 8*f - 12, 0 = 2*f. What is the units digit of i?
3
Suppose 0 - 2 = m. Let z be 0/(2*m/4). Suppose z = -0*t - t + 1. What is the units digit of t?
1
What is the tens digit of (-10)/40 - 338/(-8)?
4
Let d(a) = a**3 + 10*a**2 - 6*a + 2. What is the tens digit of d(-10)?
6
Let q(y) = -2*y**3 + 4*y**2 - 4*y - 1. Let t(j) = -5*j**3 + 7*j**2 - 8*j - 2. Let p(k) = -7*q(k) + 3*t(k). What is the units digit of p(-8)?
3
Suppose h - 27 = -4*l + 34, 0 = -3*l - 4*h + 62. What is the units digit of l?
4
Let c(q) = q + 3. Let v be c(2). Let s(y) be the first derivative of -y**4/4 + 4*y**3/3 + 3*y**2 - 2*y - 2. What is the units digit of s(v)?
3
Suppose 0*y + 125 = -5*y. Let g = y - -71. What is the tens digit of g?
4
Suppose 0 = 24*l - 21*l - 522. What is the units digit of l?
4
Let i(b) be the first derivative of b**3/3 - 5*b**2/2 - 1. Suppose -10 = 5*l - 40. What is the units digit of i(l)?
6
Suppose 0*i + 3*i - 159 = 0. What is the tens digit of i?
5
Suppose 0 = 6*f - f + 90. Let w = f + 13. Let d = 2 - w. What is the units digit of d?
7
Let u(k) = -10*k - 4 + 6 + 8*k + k. Let c(a) = -3*a**2 - 1. Let p be c(1). What is the units digit of u(p)?
6
Let b(j) = j**3 - 17*j**2 - 16*j - 10. What is the tens digit of b(18)?
2
Let z(f) = 12*f - 51. What is the tens digit of z(26)?
6
Let j = -360 + 559. What is the tens digit of j?
9
Let c = 488 - 293. What is the hundreds digit of c?
1
What is the units digit of ((-45)/6)/(4/(-8))?
5
Suppose 11*b = 6*b + 1065. What is the hundreds digit of b?
2
Let y be (-10)/5*18/(-4). Let m be 327/y - 3/9. Let o = 55 - m. What is the units digit of o?
9
Suppose -2*i = 0, -6*y + 4*i + 150 = -y. What is the tens digit of y?
3
Suppose -4*h + 228 = -0*h. What is the tens digit of h?
5
Suppose 2*o = -2*z + 26 + 190, -4*o = 2*z - 214. What is the hundreds digit of z?
1
Let s = -1 + -1. Let t = s - -4. What is the units digit of t?
2
Let b(r) = -6*r - 7. Let v(q) = q**2 - 7*q + 3. Let i be v(5). Let s(g) = -5*g - 7. Let f(c) = i*s(c) + 6*b(c). What is the units digit of f(3)?
4
Suppose -n - 63 = -3*j, -5*j - n + 85 = 4*n. Let k = -10 + 24. What is the units digit of (-8)/j + k/10?
1
Let i = 25 - 21. Suppose -8*f = -i*f - 116. What is the units digit of f?
9
What is the tens digit of (-2)/(-15) - 2154/(-45)?
4
What is the tens digit of 3*(28 - 3) - -4?
7
Suppose 0 = 3*p + f - 37, 3*p = -p + f + 40. Let a = p - 1. What is the tens digit of a?
1
Suppose 0 = -n - 1 - 11. What is the tens digit of 3 + n/(-4) + 21?
2
Let x(q) = 15*q**2 + 4*q + 3. What is the tens digit of x(-2)?
5
Let w(o) = -o**2 - o + 12. Suppose 0 = 2*j - 1 - 1, -3 = 2*a - 3*j. What is the units digit of w(a)?
2
Let c(r) = -47*r. Let l be c(-1). Suppose 4*p = 4*b + 183 - l, b = -p + 32. What is the units digit of p?
3
Suppose -2*s - 5*a + 55 = 0, s + 5*a - 20 = -0*s. Let d = -20 + s. What is the tens digit of d?
1
Let o(q) = 10*q - 2. What is the tens digit of o(3)?
2
Let p = -11 + 26. What is the units digit of p?
5
Let a = 386 + -254. What is the tens digit of a?
3
What is the tens digit of ((-2)/5)/(1798/450 + -4)?
9
Suppose 0 = 2*n - 9 + 1, -3*i + 4*n = -146. What is the units digit of i?
4
Let l(d) be the first derivative of -d + 1 + 1/4*d**4 - 4/3*d**3 + 2*d**2. What is the units digit of l(3)?
2
What is the tens digit of 600/3 - 0 - 0/18?
0
Let d = 17 - -98. What is the units digit of d?
5
Let z(t) = -t**3 + 4*t**2 + 3*t. What is the units digit of z(4)?
2
Let l(y) = -6*y - y**2 + 2*y + 7 - 2*y. Let r be l(-6). What is the units digit of (1/1 - 0) + r?
8
Let z = 217 - 103. What is the units digit of z?
4
Suppose 3 = -12*w + 11*w. Let m(v) = 2*v**2 - 2*v + 2. What is the units digit of m(w)?
6
Let p(x) = -3*x + 51. What is the units digit of p(-19)?
8
What is the tens digit of 88 + (25/(-5) - -2)?
8
Let i = 58 + 1. Suppose -5*q - 4 + i = 0. What is the tens digit of q?
1
Let x(c) = c**2 + 9*c. Let y be x(-4). Let d be (6/5)/((-3)/y). Let z = 15 - d. What is the units digit of z?
7
What is the tens digit of ((-552)/20)/((-6)/20)?
9
Let i = 22 - 102. Let v = -46 - i. What is the units digit of v?
4
Let j(z) = -z**3 - 5*z**2 - 4*z - 8. What is the units digit of j(-6)?
2
Suppose 0 = 4*z - 8*z + 24. Suppose 5*u = -z*m + 5*m + 43, -3*u - 103 = -5*m. What is the tens digit of m?
2
Let c(g) = g**3 + 6*g**2 + 5*g - 3. Let v be c(-5). Let n(d) = -d**3 - d**2 + 2*d - 4. What is the units digit of n(v)?
8
Let 